 the greatest common factor of 220884 and 258.
6
What is the greatest common factor of 12705 and 968?
121
What is the greatest common factor of 6479 and 3443?
11
Calculate the highest common divisor of 2159 and 170.
17
What is the greatest common divisor of 407734 and 3346?
478
What is the highest common factor of 9662444 and 1892?
1892
Calculate the highest common divisor of 459517 and 276.
23
What is the greatest common divisor of 17252 and 5221?
227
What is the highest common factor of 1820 and 879320?
260
Calculate the greatest common factor of 5230962 and 87.
87
What is the greatest common factor of 18 and 21312?
18
Calculate the highest common divisor of 8370 and 66340.
310
Calculate the highest common factor of 530 and 2110.
10
Calculate the highest common factor of 35783 and 66.
11
What is the highest common divisor of 119330 and 10?
10
Calculate the greatest common factor of 100 and 5382050.
50
What is the greatest common factor of 1377376 and 224?
224
Calculate the highest common divisor of 1863 and 10097.
23
Calculate the greatest common divisor of 960 and 3828.
12
What is the highest common divisor of 40384 and 400?
16
What is the greatest common factor of 20 and 246850?
10
Calculate the highest common factor of 504 and 12915.
63
Calculate the highest common divisor of 819 and 113958.
117
Calculate the highest common factor of 15416 and 304.
8
What is the greatest common factor of 35 and 15736455?
35
Calculate the highest common factor of 217 and 24080.
7
What is the greatest common factor of 136173 and 76?
19
Calculate the highest common factor of 66858 and 264.
66
Calculate the highest common factor of 1020 and 1680.
60
What is the highest common factor of 35857 and 1081?
23
What is the greatest common divisor of 133488 and 515?
103
Calculate the highest common factor of 24141 and 39.
39
Calculate the greatest common divisor of 16932 and 52.
4
What is the highest common divisor of 6523 and 121?
11
Calculate the greatest common factor of 14740 and 748.
44
What is the greatest common factor of 649 and 26668?
59
Calculate the highest common divisor of 2430 and 27270.
270
Calculate the greatest common divisor of 190 and 183502.
38
What is the greatest common divisor of 8631 and 30825?
1233
What is the greatest common factor of 2723020 and 2768?
692
Calculate the greatest common factor of 76000 and 1083.
19
What is the highest common divisor of 18 and 1908261?
9
Calculate the highest common factor of 1708 and 4540718.
854
What is the greatest common factor of 140 and 55972?
28
Calculate the highest common divisor of 46075 and 760.
95
Calculate the highest common factor of 102 and 486.
6
Calculate the highest common divisor of 280576 and 548.
548
What is the greatest common divisor of 2257200 and 55?
55
What is the greatest common divisor of 2050 and 1144310?
410
Calculate the highest common factor of 474 and 5220.
6
Calculate the greatest common factor of 48488 and 1045.
209
Calculate the highest common factor of 801 and 224163.
9
Calculate the highest common divisor of 38 and 668610.
38
Calculate the greatest common factor of 27474 and 4332.
114
What is the highest common factor of 6783185 and 785?
785
What is the highest common divisor of 473 and 4455?
11
What is the highest common factor of 313965 and 20?
5
Calculate the highest common divisor of 18279 and 513.
27
Calculate the greatest common factor of 9747 and 459.
27
Calculate the greatest common factor of 74 and 1354718.
74
Calculate the highest common divisor of 1448 and 182086.
362
What is the highest common factor of 11 and 1799204?
11
Calculate the highest common factor of 10964 and 4.
4
What is the greatest common factor of 384 and 1438848?
384
Calculate the greatest common factor of 47 and 112236.
47
Calculate the highest common divisor of 1144 and 51064.
104
What is the highest common factor of 30 and 836190?
30
Calculate the highest common factor of 100446 and 3.
3
Calculate the greatest common factor of 145 and 69107.
29
Calculate the highest common divisor of 385907 and 2.
1
What is the greatest common factor of 4933 and 319?
1
What is the greatest common divisor of 1253427 and 63?
21
What is the greatest common divisor of 28566 and 27?
27
Calculate the highest common divisor of 754927 and 38.
19
What is the highest common divisor of 3476 and 8?
4
Calculate the highest common factor of 42522 and 114.
114
What is the greatest common factor of 467601 and 711?
237
Calculate the greatest common divisor of 375 and 4795500.
375
What is the greatest common factor of 7875 and 14125?
125
What is the greatest common factor of 771673 and 161?
161
Calculate the highest common divisor of 2825 and 175.
25
Calculate the highest common divisor of 4966 and 338.
26
What is the greatest common divisor of 22 and 3837152?
22
Calculate the highest common divisor of 39468 and 391.
23
Calculate the greatest common divisor of 7000 and 5530.
70
Calculate the greatest common divisor of 7611 and 75723.
129
Calculate the greatest common factor of 31993 and 23.
23
Calculate the highest common factor of 4785 and 2349.
87
What is the highest common factor of 3376 and 52117?
211
Calculate the greatest common factor of 115986 and 65.
13
Calculate the greatest common factor of 133 and 3667.
19
What is the greatest common factor of 6887 and 9409?
97
Calculate the greatest common factor of 98 and 68453.
49
What is the highest common divisor of 57 and 75639?
57
What is the greatest common factor of 88 and 2024594?
22
Calculate the greatest common divisor of 1420695 and 131.
131
Calculate the greatest common factor of 20462 and 91.
13
What is the greatest common divisor of 1411 and 476?
17
What is the highest common factor of 24 and 64956?
12
What is the greatest common divisor of 26 and 235729?
13
Calculate the greatest common factor of 234414 and 162.
162
Calculate the greatest common divisor of 352 and 2673.
11
Calculate the highest common divisor of 2346 and 49062.
102
Calculate the highest common divisor of 6023 and 9827.
317
What is the greatest common factor of 42 and 434336?
14
What is the highest common divisor of 4139008 and 258?
86
Calculate the highest common divisor of 620 and 31961.
31
Calculate the greatest common divisor of 43979 and 1394.
17
What is the highest common divisor of 20683 and 10492?
43
What is the highest common divisor of 84 and 19649?
7
What is the greatest common factor of 110 and 368?
2
Calculate the highest common factor of 1598 and 2754.
34
Calculate the highest common divisor of 46188 and 36.
36
Calculate the highest common factor of 7138 and 430.
86
Calculate the highest common factor of 51 and 30957.
51
What is the greatest common factor of 816 and 1218696?
408
What is the highest common factor of 574 and 295200?
82
What is the highest common divisor of 15696 and 4608?
144
Calculate the highest common divisor of 4420 and 15665.
65
What is the greatest common factor of 225868 and 8?
4
What is the highest common divisor of 861 and 2519?
1
Calculate the highest common divisor of 94916 and 5057.
389
What is the highest common divisor of 11873 and 2681?
383
Calculate the highest common divisor of 53208 and 486.
18
Calculate the highest common divisor of 13860 and 765.
45
Calculate the highest common divisor of 249 and 5395083.
249
Calculate the highest common divisor of 632 and 55.
1
What is the greatest common factor of 12917159 and 2609?
2609
What is the greatest common factor of 2145 and 1901328?
429
What is the greatest common factor of 104 and 131508?
52
What is the highest common divisor of 75210 and 330?
30
What is the highest common factor of 22662 and 378?
18
What is the greatest common factor of 720 and 866280?
120
What is the highest common factor of 18 and 14886?
18
Calculate the greatest common factor of 67598 and 1314.
146
Calculate the highest common factor of 3596 and 754.
58
Calculate the greatest common divisor of 154895 and 169.
13
Calculate the highest common factor of 1147324 and 4.
4
Calculate the highest common divisor of 33102 and 207194.
1226
What is the greatest common divisor of 537460 and 50?
10
Calculate the greatest common factor of 407 and 2717.
11
Calculate the highest common divisor of 1030 and 15730160.
1030
What is the highest common